01000 - -1?
1101001
In base 10, what is 1 - -57?
58
In base 10, what is 243 - -44?
287
In base 15, what is -1 + 12?
11
In base 14, what is -1 - 123b?
-123c
In base 3, what is 101 + -1020101?
-1020000
In base 14, what is 31 + -32?
-1
In base 3, what is -1201100221 + 1?
-1201100220
In base 12, what is 3 - -47b?
482
In base 8, what is 65 + 2?
67
In base 3, what is 100 - -1211?
2011
In base 2, what is -10010000 + 1?
-10001111
In base 12, what is -56 - 0?
-56
In base 3, what is -10 - -22112000?
22111220
In base 12, what is -5 - -363?
35a
In base 7, what is -36 - -3?
-33
In base 9, what is 4 + -1066?
-1062
In base 4, what is 201 - -11?
212
In base 15, what is -1368 + 0?
-1368
In base 10, what is -244 + 6?
-238
In base 12, what is 3a - 2?
38
In base 14, what is 20 - 5?
19
In base 6, what is -10302 + -15?
-10321
In base 6, what is -3404 - 103?
-3511
In base 15, what is -5 - -1c?
17
In base 15, what is -30a6 + -3?
-30a9
In base 4, what is -10002 - 12?
-10020
In base 5, what is 0 - -222?
222
In base 13, what is 75 + 2a?
a2
In base 3, what is 0 - 2112102?
-2112102
In base 11, what is -1 + -1335?
-1336
In base 6, what is 33 - 12?
21
In base 5, what is -2 - 3022?
-3024
In base 5, what is 104 + -113?
-4
In base 14, what is -d + 6?
-7
In base 5, what is 2 + 4243?
4300
In base 11, what is 919 + 15?
933
In base 15, what is -43 + 0?
-43
In base 13, what is -2 + -140?
-142
In base 13, what is 43 + -173?
-130
In base 6, what is 4135 + -31?
4104
In base 13, what is -26 - 3?
-29
In base 7, what is -3 + -2?
-5
In base 6, what is 34 - 5?
25
In base 2, what is -10001111 + 0?
-10001111
In base 12, what is 66 - -55?
bb
In base 10, what is -1597 - 8?
-1605
In base 3, what is 0 + -2000?
-2000
In base 3, what is 20111 + 12?
20200
In base 2, what is 100110100110 - -101?
100110101011
In base 11, what is 11 - 5a?
-49
In base 11, what is -1 + -2950?
-2951
In base 9, what is 32 + -36?
-4
In base 5, what is -2303 + 3?
-2300
In base 12, what is -110 - -105?
-7
In base 15, what is -504 + -2?
-506
In base 2, what is 101 - -11110001?
11110110
In base 8, what is 5 + 6161?
6166
In base 13, what is 1 - 11c4?
-11c3
In base 7, what is -42035 - -1?
-42034
In base 7, what is 12 - 1464?
-1452
In base 15, what is -2 + -d96?
-d98
In base 12, what is 133 - -10?
143
In base 14, what is 199 - 1?
198
In base 13, what is -20 + -6b?
-8b
In base 8, what is 1055 + -5?
1050
In base 11, what is -7 - 3?
-a
In base 2, what is 10011001000 + -1?
10011000111
In base 14, what is -5 + 556?
551
In base 4, what is 1312 - 3?
1303
In base 16, what is -4a + -1?
-4b
In base 12, what is 53 - -4?
57
In base 11, what is 35 + 107?
141
In base 2, what is -11 + 1010011100?
1010011001
In base 8, what is -54 - 4?
-60
In base 4, what is 100 + 10302?
11002
In base 4, what is 3303333 + 2?
3310001
In base 10, what is 1 - -57?
58
In base 2, what is -1 - -101011111?
101011110
In base 7, what is 16 + 20?
36
In base 3, what is -102001 - 12?
-102020
In base 5, what is 11310 + -20?
11240
In base 15, what is 7 - 3?
4
In base 9, what is -28 - 0?
-28
In base 10, what is 1 - 157?
-156
In base 6, what is 5134 + 4?
5142
In base 8, what is 151 - -274?
445
In base 7, what is 2 + 332?
334
In base 2, what is 101100100 + 11?
101100111
In base 11, what is 44a - 3?
447
In base 11, what is -1 - -212?
211
In base 3, what is 120 - 20?
100
In base 8, what is -7017 + 1?
-7016
In base 3, what is 1 + -122?
-121
In base 16, what is 2 + b46?
b48
In base 12, what is -3 + 2508?
2505
In base 16, what is 627 - -10?
637
In base 3, what is -10102 + 12?
-10020
In base 2, what is 110 + -1001?
-11
In base 16, what is -5 + -1377?
-137c
In base 14, what is 4 - -69?
6d
In base 7, what is -2 - 53?
-55
In base 16, what is -2 - -402?
400
In base 8, what is -460 - -3?
-455
In base 8, what is 5 + 110?
115
In base 8, what is 7 + 1766?
1775
In base 5, what is 3 - 233?
-230
In base 15, what is b + 1?
c
In base 3, what is 1011 - 12010?
-10222
In base 7, what is -3 - 1554?
-1560
In base 12, what is 2 - -42?
44
In base 13, what is 5 + -6c?
-67
In base 2, what is 10 + 1111010?
1111100
In base 4, what is -3 + -202002?
-202011
In base 6, what is -2224 - 5?
-2233
In base 14, what is 1012 + -3?
100d
In base 6, what is -3 + -5213?
-5220
In base 14, what is 2 - a1c?
-a1a
In base 9, what is -1 + 74?
73
In base 15, what is 7 + 253?
25a
In base 4, what is 2 - 2122?
-2120
In base 13, what is 5a - 1a?
40
In base 11, what is 0 - 1469?
-1469
In base 8, what is 3 + 302?
305
In base 15, what is -2025 - -5?
-2020
In base 3, what is -10211200 + 2?
-10211121
In base 12, what is a56 - 2?
a54
In base 7, what is 12343 - -2?
12345
In base 8, what is -1611 - 11?
-1622
In base 2, what is 1011 + -1000000?
-110101
In base 11, what is -206 - -2?
-204
In base 6, what is -4 + -235?
-243
In base 4, what is 3 + 302?
311
In base 12, what is -5 + 75?
70
In base 9, what is 0 - -1128?
1128
In base 3, what is 10 + -2011?
-2001
In base 12, what is -134b7 + -3?
-134ba
In base 14, what is 0 + -37?
-37
In base 8, what is 5 - 160?
-153
In base 10, what is 283 - 5?
278
In base 5, what is -1204 + -44?
-1303
In base 3, what is -11210000 - 20?
-11210020
In base 3, what is 10102 + -1?
10101
In base 16, what is -9b9 + -2?
-9bb
In base 3, what is 10010 - -1022?
11102
In base 4, what is -1220 + -312?
-2132
In base 13, what is 1b6 + 1?
1b7
In base 9, what is 2 + -1022?
-1020
In base 11, what is -8a + 1?
-89
In base 8, what is 20 + -12?
6
In base 13, what is 31 + 3?
34
In base 16, what is -11 - 33?
-44
In base 5, what is -30 + -443?
-1023
In base 4, what is 1101022 + 11?
1101033
In base 16, what is -33a - -2?
-338
In base 15, what is 1 - 96?
-95
In base 4, what is -1 + -1331?
-1332
In base 11, what is 8 - -416?
423
In base 7, what is -52 - 22?
-104
In base 11, what is 17 + 4a6?
512
In base 11, what is -93 - 172?
-255
In base 6, what is 34155 - 4?
34151
In base 9, what is 4 - 2532?
-2527
In base 16, what is 0 - -1?
1
In base 2, what is -1000111 - -10?
-1000101
In base 4, what is 10 + 211?
221
In base 7, what is -65 - 40?
-135
In base 16, what is 28 + -4?
24
In base 4, what is 133 + -212?
-13
In base 11, what is -35 + 39a?
365
In base 6, what is -2 - 125?
-131
In base 9, what is 0 + -2081?
-2081
In base 12, what is -34 - 0?
-34
In base 15, what is 4 - -14e?
153
In base 16, what is 4d + 2?
4f
In base 9, what is 41 - -305?
346
In base 2, what is 1 + -10110111?
-10110110
In base 10, what is 6 + 37?
43
In base 10, what is 51 - 21?
30
In base 13, what is -3 - -553?
550
In base 9, what is 733 + -1?
732
In base 6, what is 1002 + -2?
1000
In base 6, what is 40 + -4?
32
In base 2, what is 1100101100 + 101?
1100110001
In base 9, what is -5 + -1487?
-1503
In base 5, what is -10 - 111133?
-111143
In base 15, what is -9d + -2?
-a0
In base 7, what is -5 - 125?
-133
In base 15, what is -2b - -9?
-22
In base 14, what is -3 + -76?
-79
In base 12, what is 10 - 823?
-813
In base 5, what is -2 + -2?
-4
In base 11, what is 3 + 15?
18
In base 7, what is -1 - 203?
-204
In base 12, what is 2 - 37?
-35
In base 5, what is -11 - 2034?
-2100
In base 12, what is -1309 - 0?
-1309
In base 12, what is 13 + 197?
1aa
In base 4, what is 3101 - 0?
3101
In base 12, what is -5b + 1?
-5a
In base 13, what is -53a - 1?
-53b
In base 14, what is -4 + 661?
65b
In base 5, what is 33 - 2323?
-2240
In base 13, what is 47 - -3?
4a
In base 11, what is -14 - -18?
4
In base 13, what is -a + 11b?
111
In base 5, what is -32 + 3?
-24
In base 7, what is 26 + 4?
33
In base 10, what is 1 - 542?
-541
In base 7, what is 5136 - 4?
5132
In base 8, what is 1 - 41?
-40
In base 6, what is 101 - 14?
43
In base 14, what is -1 - 21b?
-21c
In base 12, what is 332 + 0?
332
In base 2, what is -101101011 + -11?
-101101110
In base 14, what is -21 + -122?
-143
In base 5, what is 3 + -43423?
-43420
In base 9, what is -7 - 13?
-21
In base 16, what is 11c - 3?
119
In base 10, what is 7516 + 4?
7520
In base 7, what is 4 - -55?
62
In base 13, what is 15 + -14?
1
In base 10, what is -1342 + -5?
-1347
In base 16, what is -1 - -f6?
f5
In base 14, what is 26 - -3?
29
In base 16, what is 7 + 54?
5b
In base 13, what is 5 - -44a?
452
In base 13, what is -3 + 0?
-3
In base 6, what is 2 + 5?
11
In base 2, what is -111101110 + 101?
-111101001
In base 16, what is 15 - 8?
d
In base 10, what is -7 - -23?
16
In bas